3, 317
Let x = 703 - 460. What are the prime factors of x?
3
Let u(x) = 12*x - 37. Let i = 33 - 25. List the prime factors of u(i).
59
Suppose -10 + 1 = -3*o. Let m(j) = -4*j - 6. Let k be m(-4). Suppose k = 5*f - o*f. What are the prime factors of f?
5
Suppose -131 + 123 = -2*k. Suppose 4*s - 174 = 5*r, 0*r = 2*r - k. List the prime factors of s.
2, 23
Suppose 0 = -2*z - 2*t - 2*t + 22, 3*z - 3*t = -3. Suppose -3*n - z + 15 = 0. Let d = -1 + n. List the prime factors of d.
3
Suppose -2*c + 3*j = 6*j - 4584, c + 4*j - 2297 = 0. What are the prime factors of c?
3, 7, 109
Suppose -4*d = -9*d - p + 90, -2*p - 90 = -5*d. Let b(c) = -c**3 + 2*c**2 - 2*c - 1. Let s be b(2). Let f = d + s. List the prime factors of f.
13
Let l be ((-135)/12)/(3/(-8)). Suppose 6*b = 9*b - l. Suppose 0 = y - 4 - b. What are the prime factors of y?
2, 7
Suppose 7*f = 3*u + 4*f - 2217, 0 = 4*u + 3*f - 2921. What are the prime factors of u?
2, 367
Let z be 32/4 + 8/4. Let d be (-478)/3*(-15)/z. Suppose d = 4*r - x, -123 = -2*r - 5*x + 2. What are the prime factors of r?
2, 3, 5
Let h(r) be the first derivative of 2*r**3/3 + 7*r**2 - 14*r + 13. List the prime factors of h(-11).
2, 37
Let j(f) = -41*f - 12. Suppose 20 = -w - 3*w. List the prime factors of j(w).
193
Suppose 8*y - 3*y - 1610 = 0. List the prime factors of y.
2, 7, 23
Let f(u) = 4*u + 1 + 5 + u**3 + 4 + 7*u**2 - 13*u**2. What are the prime factors of f(7)?
3, 29
Let c(a) = a**3 - 7*a**2 - 12*a - 11. Let d be c(9). List the prime factors of (d - -16) + 4/(-1).
5, 11
Suppose 7*n = 13*n - 1578. List the prime factors of n.
263
Suppose 2*s + 7*s - 666 = 0. What are the prime factors of (4 - 7)*1 + s?
71
Suppose 7*p - 11436 = 3621. List the prime factors of p.
3, 239
Let z(q) = q**3 + 6*q**2 - 7*q + 10. Let t be z(-7). Let m be ((-2)/(-5))/(2/t). What are the prime factors of (54 - 6/3)/m?
2, 13
Suppose 9 = j + 2*v - 4*v, 4*j - 15 = v. Suppose -5 = -4*f - 4*m - 1, j*f = 4*m + 38. Suppose 0 = q - f*q + 245. List the prime factors of q.
7
Suppose 2*v = 2*g + 10, 3*v + 3*g = -0 + 9. Let s(b) = -1 + 3*b**2 + 2 + 4 - v*b - 6. List the prime factors of s(3).
2, 7
Let w(l) = l**3 + 16*l**2 + 18*l + 127. What are the prime factors of w(-14)?
3, 89
Suppose 5*u = -3*f - 177, -u + 3*u + 177 = -3*f. Let x = f - -101. List the prime factors of x.
2, 3, 7
Let d = -4 - -7. Suppose -4*m + d = -17. What are the prime factors of m?
5
Suppose -11*b = 2*b - 3419. What are the prime factors of b?
263
Let z(i) be the third derivative of -i**5/60 + 11*i**4/24 - 5*i**3/6 - 7*i**2. Let l = 5 + 5. What are the prime factors of z(l)?
5
Let x(q) = 18*q + 4. Let a be x(6). What are the prime factors of 6864/a - 2/7?
61
Suppose 7*d - 35 = -7. Suppose 4*w = -k + 17 + 566, 0 = 3*w + d*k - 421. List the prime factors of w.
3, 7
Let m(i) = 0 + 6*i + 10 - 7 + 12. What are the prime factors of m(9)?
3, 23
Suppose -q = 4*q - 1600. Suppose 5*p - 3*p + h = 150, q = 4*p - 3*h. Let n = -47 + p. What are the prime factors of n?
2, 3, 5
Let a be (-14)/77 + (-1590)/(-33). Suppose -36*z + 37*z - a = 0. List the prime factors of z.
2, 3
Suppose -2861 = -4*o + 2155. What are the prime factors of o?
2, 3, 11, 19
Let x(d) = -d**3 - 12*d**2 - 56*d - 56. What are the prime factors of x(-13)?
29
Suppose -9*u + 4*u - 2*p + 2598 = 0, 3*u + 2*p - 1558 = 0. What are the prime factors of u?
2, 5, 13
Suppose 2*l + 2*l - 16 = -5*i, -5*l - 3*i + 20 = 0. What are the prime factors of (3 - l)/(2/(-316))?
2, 79
Let f(c) = -c**3 - 8*c**2. Let w be f(-8). Suppose -k + 85 = 5*t, w = 4*t + t - 3*k - 65. Let g = 1 + t. List the prime factors of g.
17
Let i(l) = -l**3 - l**2 - l + 1. Let u be i(-1). Suppose 2*n + 344 = u*x, 4*x - 5*n = x + 522. What are the prime factors of x?
13
Let h(w) = 6*w**2 + w. Let t(d) be the second derivative of d**3/6 + 8*d. Let r(i) = h(i) - 2*t(i). List the prime factors of r(-2).
2, 13
Suppose 3*b + 40 = 46. List the prime factors of 15 - (-3 - 1) - b.
17
Let l(f) = -41*f**3 - f**2 - 2*f. Let k be l(-1). Let v = -36 + k. What are the prime factors of v?
2, 3
Let f(j) = -4*j**2 - 2*j + 3. Let w be f(2). Let d = w - -31. What are the prime factors of d?
2, 7
Let r(q) = 2*q**2 + 11*q - 15. Let g(l) = -l**2 + l + 31. Let f be g(0). Let k = 22 - f. List the prime factors of r(k).
2, 3
Let k(h) = h**3 + 10*h**2 + h - 6. Let f be k(-7). What are the prime factors of f/14 + (-4)/7?
3
Suppose -30 = 3*j - 5*j. Suppose 3*z = 6*z - j. Suppose -z*t - 63 = -273. What are the prime factors of t?
2, 3, 7
Suppose 0 = 4*b - 3*j - 2*j - 118, 2*b + j - 52 = 0. Suppose -b = -4*m - 3. What are the prime factors of m?
2, 3
Let o(q) = q**3 + 6*q**2 - 5*q + 2. Let a be o(-5). Suppose 5*r + 55 = 4*f - 3*f, -4*r = -f + a. What are the prime factors of f?
2, 5
Let y(p) = 2*p**3 - 11*p**2 - 30*p + 69. List the prime factors of y(11).
2, 5, 107
Let d(h) be the second derivative of h**3/3 - 21*h**2/2 + h. Let x be d(13). Suppose -6*a + 24 = -x*a. What are the prime factors of a?
2, 3
Let b = -239 - -504. Let k = b - 136. What are the prime factors of k?
3, 43
Let g = -48 - -215. What are the prime factors of g?
167
Let i(b) = 2*b**2 - 3*b + 15. Let h = -83 - -76. List the prime factors of i(h).
2, 67
Let m(s) = -5*s**3 - 5*s + 2. Let p be m(-3). Suppose -2*h + p = -0*h. What are the prime factors of h?
2, 19
Let j = 83 + -80. Suppose -5*t + 182 = j*x, -2*x - 4*t + 21 = -97. List the prime factors of x.
3, 23
Let x = -45 + 64. Suppose x = 7*d - 324. List the prime factors of d.
7
Let m = 9 - 15. Let y = m + 60. List the prime factors of y.
2, 3
Let q = 125 - 595. List the prime factors of q/(-9) - 38/171.
2, 13
Let y = 3 + 7. Let q = y - 12. Let u = q + 7. List the prime factors of u.
5
Suppose 2*l - 541 = d, 2*l - l = -d + 278. What are the prime factors of l?
3, 7, 13
Let t be 2 - (-1)/((-4)/(-56)). Let y = -8 - t. What are the prime factors of 7*(y/(-14) - 0)?
2, 3
What are the prime factors of 219/(9/(-75)*-5*1)?
5, 73
Let y(t) = -t**2 + 6*t + 19. Let c be y(8). Suppose -c*u - 2*u = -210. List the prime factors of u.
2, 3, 7
Let p be (2304/120)/(3/20). Let b = p + 13. List the prime factors of b.
3, 47
Let u(f) = 5*f**3 + 18*f**2 + 9*f + 22. Let d(i) = i**3 + i**2 + 1. Let v(y) = 6*d(y) - u(y). What are the prime factors of v(13)?
2, 3
Let b = 14 - 25. Let k be 0 - (-4)/(-4 - -2). What are the prime factors of 3*k/(-6) - b?
2, 3
Suppose 4 = 2*b - 2*i, 35 = 5*b - 2*i + 10. Let d = b + -2. Suppose -10 = 3*o + 4*a, -d*o - a = 2*a + 2. What are the prime factors of o?
2
Let y = -1162 - -1739. What are the prime factors of y?
577
Let r(f) be the second derivative of -f**5/20 - f**4/12 + f**3/6 + 53*f**2/2 + 18*f. List the prime factors of r(0).
53
Let d = 182 + -9. Suppose d = -f + 388. What are the prime factors of f?
5, 43
Suppose -5*q - 1 = -6. Let o = q - -125. What are the prime factors of o?
2, 3, 7
Let w be 38/4 - (-1)/2. Suppose c + w = 3*c. Suppose -4*r + 47 = 3*z, 3*z + 45 + 7 = c*r. List the prime factors of r.
11
Let r(p) = -p**3 + 3*p**2 - p + 3. Let w be r(3). Suppose -3*q - t + 192 = w, 2*q + 5*t - 39 - 89 = 0. List the prime factors of q.
2
Let j(z) = -z**3 + 8*z**2 + 12*z - 11. Let c be j(9). Suppose -19 + c = -y. Suppose y*f = -4*w + 35, -2*w - 6 = 2. List the prime factors of f.
17
Let a = 169 - 79. Let m = 131 - a. What are the prime factors of m?
41
Suppose -5*x = -5*i + 658 + 16602, 3*x + 3458 = i. List the prime factors of i.
3449
Let f = -436 + 1371. List the prime factors of f.
5, 11, 17
Suppose -2*b - 184 = 2*b. Let a = 50 + b. List the prime factors of a.
2
Suppose 425 = 5*l - 0*p + 2*p, -4*l - p + 340 = 0. Let d = l - 76. What are the prime factors of d?
3
Let p be -1*(-4 - -3)*-83. Let m = 4 - p. What are the prime factors of m?
3, 29
Let j(a) = a - 7. Let z be j(11). Suppose z*y - 2*w - 21 = 5, 2*w = 5*y - 30. Suppose 48 + y = i. What are the prime factors of i?
2, 13
Suppose -5*z + 13072 = 14*z. List the prime factors of z.
2, 43
Suppose 5*o + 8 = 33. Suppose -o*s = -13 - 7. Suppose g - s*g - 2*m = -29, -g + 1 = 5*m. What are the prime factors of g?
11
Let t(n) = -6*n - 10. Suppose 0 = 5*r - 7 - 23. Let b(s) = -6*s - 10. Let z(h) = r*t(h) - 5*b(h). What are the prime factors of z(-5)?
2, 5
Let a(y) = y**2 - 15*y + 3. Let m be a(15). Suppose 2*j - 4 